5 and 16767?
69
Calculate the greatest common factor of 153 and 152949.
51
What is the highest common factor of 767961 and 4959?
171
What is the greatest common factor of 130 and 1050478?
26
Calculate the highest common divisor of 302 and 2719510.
302
What is the highest common factor of 1947 and 30621?
177
What is the highest common divisor of 5487 and 124254?
177
What is the greatest common divisor of 166332 and 8517?
501
Calculate the highest common factor of 589 and 3211.
19
Calculate the greatest common factor of 3812 and 16.
4
What is the greatest common factor of 22401 and 684?
171
Calculate the highest common divisor of 619 and 3499207.
619
Calculate the highest common factor of 18094 and 327.
109
Calculate the highest common divisor of 249378 and 59776.
934
What is the greatest common divisor of 4215 and 30?
15
What is the highest common divisor of 46284 and 1160?
116
Calculate the greatest common divisor of 2608 and 432.
16
What is the greatest common divisor of 73300 and 2900?
100
What is the greatest common divisor of 17591 and 119?
7
Calculate the greatest common factor of 21 and 2401.
7
Calculate the greatest common factor of 1575 and 3339.
63
What is the highest common divisor of 111 and 42069?
111
Calculate the highest common factor of 450 and 288675.
225
Calculate the greatest common factor of 1026 and 140238.
54
Calculate the highest common factor of 6851 and 65.
13
What is the highest common factor of 10 and 562280?
10
Calculate the highest common divisor of 108 and 3753.
27
Calculate the greatest common factor of 872 and 3938824.
872
What is the highest common factor of 136 and 306884?
68
Calculate the highest common divisor of 800 and 27700.
100
Calculate the highest common divisor of 58 and 1559707.
29
Calculate the greatest common factor of 3780 and 13515.
15
What is the greatest common divisor of 737 and 11?
11
Calculate the highest common factor of 659 and 3091369.
659
What is the greatest common factor of 332335 and 10?
5
What is the greatest common factor of 69398 and 42?
14
What is the highest common divisor of 24 and 17988?
12
What is the highest common divisor of 15 and 3627?
3
What is the greatest common divisor of 3160 and 440?
40
Calculate the highest common divisor of 24 and 1996056.
24
Calculate the greatest common factor of 1017 and 190518.
339
Calculate the greatest common factor of 16632 and 3234.
462
Calculate the greatest common factor of 1195 and 6955.
5
What is the highest common divisor of 9212 and 63?
7
What is the highest common factor of 33775 and 5211?
193
Calculate the highest common divisor of 429071 and 124.
31
Calculate the highest common factor of 549 and 417.
3
What is the highest common factor of 234381 and 14?
7
Calculate the greatest common divisor of 94 and 711251.
47
Calculate the highest common factor of 6438 and 222.
222
What is the greatest common factor of 30 and 690855?
15
What is the highest common divisor of 1860 and 1470?
30
Calculate the greatest common divisor of 279 and 8928.
279
Calculate the highest common factor of 81888 and 1032.
24
What is the greatest common factor of 8020 and 1372?
4
Calculate the highest common divisor of 3051175 and 254.
127
What is the highest common divisor of 92240 and 60?
20
Calculate the highest common divisor of 34821 and 6.
3
Calculate the greatest common divisor of 195325 and 1625.
325
Calculate the greatest common factor of 1312611 and 591.
591
Calculate the greatest common divisor of 987 and 2209.
47
What is the highest common factor of 3203272 and 16?
8
What is the greatest common factor of 100 and 311050?
50
What is the highest common factor of 1560 and 7080?
120
Calculate the greatest common factor of 352 and 515168.
32
What is the greatest common factor of 10416 and 65184?
336
What is the greatest common divisor of 222 and 7585?
37
Calculate the highest common factor of 219135 and 210.
105
Calculate the highest common factor of 2238 and 66.
6
What is the highest common divisor of 3850 and 42?
14
Calculate the highest common factor of 441900 and 54.
18
Calculate the highest common divisor of 39 and 3046238.
13
What is the greatest common factor of 1950 and 617825?
325
Calculate the highest common factor of 592 and 481.
37
What is the highest common factor of 8268 and 136740?
636
Calculate the greatest common factor of 209 and 5567.
19
What is the highest common divisor of 142375 and 871?
67
What is the highest common divisor of 1026491 and 222?
37
What is the highest common factor of 3 and 19187?
1
Calculate the greatest common divisor of 13695 and 49551.
249
Calculate the greatest common divisor of 66 and 293106.
66
What is the highest common factor of 3132 and 13086?
18
What is the greatest common factor of 660478 and 1365?
91
What is the highest common divisor of 15 and 95838?
3
Calculate the highest common divisor of 282144 and 264.
24
Calculate the greatest common factor of 22 and 407352.
22
What is the greatest common divisor of 279 and 750200?
31
What is the highest common factor of 4046267 and 995?
199
What is the greatest common factor of 515 and 4223?
103
Calculate the highest common factor of 5567 and 703.
19
Calculate the highest common factor of 2436 and 1344.
84
Calculate the greatest common factor of 3575 and 1664.
13
Calculate the highest common divisor of 25 and 2414690.
5
What is the greatest common divisor of 1040 and 520?
520
What is the greatest common divisor of 2288990 and 110?
110
What is the greatest common divisor of 1208 and 1256?
8
Calculate the greatest common divisor of 104 and 1183.
13
Calculate the greatest common factor of 332 and 19292.
4
Calculate the highest common factor of 1432 and 157878.
358
Calculate the greatest common factor of 3078 and 123766.
38
Calculate the greatest common factor of 15983 and 4653.
11
What is the greatest common divisor of 1080756 and 1026?
54
What is the highest common divisor of 8624 and 931?
49
Calculate the highest common factor of 24381 and 11223.
387
What is the greatest common divisor of 462 and 1158?
6
What is the highest common factor of 888149 and 157?
157
Calculate the greatest common divisor of 96 and 7569.
3
What is the greatest common divisor of 224 and 755552?
224
What is the greatest common divisor of 3893 and 80837?
229
Calculate the highest common factor of 100 and 12720.
20
What is the greatest common divisor of 272599 and 202?
101
Calculate the highest common factor of 72624 and 510.
102
What is the greatest common factor of 7 and 74543?
7
Calculate the highest common factor of 68884 and 68.
68
Calculate the highest common divisor of 2325 and 279.
93
What is the greatest common divisor of 401193 and 17901?
1053
What is the greatest common factor of 672 and 1155?
21
What is the greatest common divisor of 1525 and 200?
25
Calculate the highest common factor of 64676 and 228.
76
What is the greatest common factor of 6020 and 656481?
301
Calculate the greatest common divisor of 342 and 82821.
57
What is the greatest common factor of 49298 and 628?
314
What is the greatest common factor of 4560695 and 3532?
883
Calculate the greatest common divisor of 24 and 4044.
12
What is the greatest common factor of 4818 and 4224?
66
What is the highest common factor of 64 and 119192?
8
Calculate the greatest common divisor of 909232 and 48.
16
What is the highest common divisor of 13 and 2516865?
13
Calculate the greatest common factor of 8437 and 58410.
649
What is the highest common divisor of 70866 and 1674?
558
What is the highest common factor of 7610 and 15?
5
What is the highest common factor of 3434 and 1598?
34
What is the highest common divisor of 65481 and 78?
39
What is the highest common divisor of 2222 and 286?
22
Calculate the greatest common factor of 547560 and 12.
12
What is the highest common factor of 1040374 and 4045?
809
Calculate the greatest common divisor of 6649 and 29.
1
What is the greatest common factor of 153005 and 10?
5
Calculate the greatest common factor of 9039 and 483.
69
What is the greatest common divisor of 152 and 184509?
19
Calculate the highest common factor of 24 and 36492.
12
What is the greatest common divisor of 140 and 82320?
140
What is the highest common divisor of 11010 and 10110?
30
Calculate the highest common fact